s of -2 + -2 + 7 - k.
2, 5, 11
Let g(c) = 49*c**2 - 20*c + 182. List the prime factors of g(5).
1307
Let r(i) = -74*i**3 - 3*i**2 + 6. Let a be r(-2). List the prime factors of a + 4 + 10/(-5).
2, 3, 7
Suppose -5*r - 4*k + 0*k + 20 = 0, 2*r - 8 = -2*k. Suppose 5*t = -3*b + 8*b + 65, -3*t - 38 = r*b. List the prime factors of (-4 - 46/b) + 1307/11.
7, 17
Let g = 17920 + 12357. List the prime factors of g.
13, 17, 137
Let u(a) = -a**2 - 11*a. Let l be u(-14). Let k = 46 + l. Suppose -k*h + 396 = 4*r, 5*r + 21 - 492 = 3*h. What are the prime factors of r?
2, 3
Let u = 1838 - -2729. What are the prime factors of u?
4567
Suppose -65*o = 60*o - 141*o + 203776. What are the prime factors of o?
2, 199
Suppose 0 = 36*j - 71829 - 240797 + 39422. List the prime factors of j.
7589
Suppose 3*i - 3607 = -745. Suppose -i = -8*j + 750. What are the prime factors of j?
3, 71
Suppose -4*d = -4*u - 10 - 6, u + 16 = 4*d. Suppose u = -5*o + c + 1894, -5*o + 4*c + 1351 = -555. List the prime factors of o.
2, 3, 7
Suppose -5*p + 54 - 1 = 3*l, 0 = 3*l + 3*p - 45. Let u(n) = -n**3 + 11*n**2 + 12*n - 2. Let h be u(l). Suppose -j = -h + 7. List the prime factors of j.
3, 41
Let s be 4/10 + -5 + 292/20. Suppose -3161 = -s*k + 5759. List the prime factors of k.
2, 223
Let g = -57873 - -107615. What are the prime factors of g?
2, 7, 11, 17, 19
Let f = 34407 - 7583. What are the prime factors of f?
2, 7, 479
Suppose -4*j = 4*v + 4, -4*j + 5*v + 0*v + 23 = 0. Suppose 1021 = 3*z - 2*z - j*l, -3*z + 3008 = 5*l. What are the prime factors of z?
3, 337
Let w = -15324 + 26856. List the prime factors of w.
2, 3, 31
Suppose 3*n - 3*q + 23 = 122, -3*n - 2*q + 74 = 0. Suppose 0 = 4*r - 5*x + n, -5*r - 41 = -x - 6. List the prime factors of ((-12888)/(-56) - -3) + 1/r.
233
Let o(r) = -r + 10. Let n be o(6). Suppose n*x + 1412 = d, 3*d = 3*x + 550 + 518. Let i = x - -543. List the prime factors of i.
191
Suppose -7630 - 41004 = -5*b - 2*w, -9731 = -b - w. What are the prime factors of b?
2, 11, 13, 17
Let i be (-6)/21 - (-60)/14. Suppose -389 = 13*d - 363. List the prime factors of 69 + i/8*d.
2, 17
Let q = -21 + 23. Suppose 18 = -q*x + 8*x. Suppose 255 = 5*s - 4*a, 3*a = -x*s + 99 + 81. List the prime factors of s.
5, 11
What are the prime factors of (17286 - 0)*8*(-8 - 1164/(-144))?
2, 43, 67
Suppose 12*r = 14*r + 5*t - 27, 5*r = -t + 56. Suppose -30 = -17*m + r*m. Suppose -3*n + 4*n = -2*z + 112, -4*z = -m*n + 630. List the prime factors of n.
2, 61
Let a = -400 + 697. Suppose 4*j - a = -v + 240, 2*j + 5*v = 273. List the prime factors of j.
2, 67
Suppose 0 = -p - 255 + 258. Let f(b) = -63*b - 9. Let z be f(-6). Suppose -5*c + 5*o = -3*c - 218, p*c + 3*o = z. What are the prime factors of c?
7, 17
Suppose -5*p + 2632 = 2*p. Let d = -208 + p. List the prime factors of d.
2, 3, 7
What are the prime factors of (-10)/(-200) - (-431613)/140?
3083
Suppose 9*a - 150 = -87. Let n(s) = 236*s + 41. What are the prime factors of n(a)?
1693
List the prime factors of 9483 - 36/60*-10.
3, 3163
Suppose -3*a - 8*o + 16 = -13*o, -12 = -5*a + o. Suppose a*w = 5*w - 690. What are the prime factors of w?
2, 5, 23
Suppose 4*b + 11 = 19. Let y be 2498/b - (2 - (-4 + 3)). Suppose -4*x + y = 3*x. What are the prime factors of x?
2, 89
Let b(z) = -12*z**3 - 2*z**2 - 2*z - 2. Suppose 0 = 5*k - 2*q + 117 + 134, -135 = 3*k + 4*q. Let o = -51 - k. List the prime factors of b(o).
2, 3, 5
Suppose 19*n = 62781 + 226893. List the prime factors of n.
2, 3, 7, 11
Let v(a) = -a - 1. Let u be v(9). Let m be 44/u - (-14)/35. List the prime factors of 123*1 + ((-12)/4 - m).
2, 31
Let a(t) = 82*t + 17. Suppose -6*h = 620 - 206. Let z = 71 + h. What are the prime factors of a(z)?
181
Suppose 4*d + 5*h = 38, -3*d - h + 26 = 4*h. Let z(r) = -3*r + 36. Let k be z(d). Suppose -8*g - 36 + 676 = k. List the prime factors of g.
2, 5
Let u = 1336 - 856. Suppose 0 = 19*n - 13*n - u. List the prime factors of n.
2, 5
Suppose -4*f + 33 + 19 = w, -4*w + f = -140. Let d = w - 36. List the prime factors of -4 - -2 - -72 - d.
2, 5, 7
List the prime factors of (30582/4)/((-27 - -35) + 30/(-4)).
3, 1699
Let y = -1124 - -2459. Suppose 8*x = -y + 4143. What are the prime factors of x?
3, 13
Suppose -11*c + 24 = -8*c. Suppose -c*j + 23*j = 870. Let x = -32 + j. What are the prime factors of x?
2, 13
Suppose f - 3*d = 26505, 2*d = f - 26312 - 191. What are the prime factors of f?
3, 11, 73
Suppose -2*y + 295500 = 11*y + 17*y. List the prime factors of y.
2, 5, 197
Suppose 4*w = 0, -3*y + 6*w - 5*w + 7833 = 0. List the prime factors of y.
7, 373
Let y = -94 - -165. Suppose y = -4*q - 2605. List the prime factors of 3/(-3*(-3 + (-2004)/q)).
223
Let x(s) = s**3 + 11*s**2 - 13*s - 10. Let i be x(-12). Suppose -5*v = -5*p - 0*p + 2215, i*v = -4*p + 1766. What are the prime factors of p?
2, 13, 17
Suppose 229383 - 23155 + 93072 = 82*j. List the prime factors of j.
2, 5, 73
Let o be (-88)/33*2/(4/(-1590)). Suppose 15*p - 19*p + o = 0. What are the prime factors of p?
2, 5, 53
Let v = 32847 - 27548. List the prime factors of v.
7, 757
Suppose 5*g + 5*x - 20 = 0, g - x - 2 = -0*x. Let d(r) = -5*r**3 - 20*r - 12*r + 11*r - g - 4*r**2. List the prime factors of d(-3).
3, 53
Let u(w) = -w**3 - 91. Let h be u(-13). Let x = h - 671. What are the prime factors of x?
5, 7, 41
Let d(i) = 171*i**2 + i + 71123. What are the prime factors of d(0)?
13, 5471
Suppose 10 = -d - 3*h - 3, 4*h + 22 = d. Suppose 3*x + 1428 + 629 = d*u, 2*u = x + 2055. List the prime factors of u.
13, 79
Suppose 0 = 3*f + 12*p - 13*p - 75, -111 = -4*f + 5*p. Let r(h) = 3*h**2 - 55*h - 53. What are the prime factors of r(f)?
5, 71
Suppose 3*i - 176 = -2*b + 7*b, 4*i - 258 = -5*b. Let r(v) = -i*v**2 + 3 - 2 - v**3 + 5*v + 64*v**2 - 2. List the prime factors of r(-6).
257
What are the prime factors of 2 + (89149/2 - (-5 + (-9)/(-2)))?
3, 13, 127
Let g = -2322 - -4859. What are the prime factors of g?
43, 59
Let m(a) = -a**3 - 10*a**2 - 4*a + 4. Let c(h) = -7*h + 60. Let o be c(0). Suppose 2*d + v = 4*d + 16, 0 = -4*d - 5*v - o. What are the prime factors of m(d)?
2, 11
Let j = -9586 + 16462. List the prime factors of j.
2, 3, 191
Suppose 0 = -5*n + l + 63, 66 = 5*n + l - 3*l. Suppose -3*m - 13*f + 8*f + 1626 = 0, 4*f = -n. List the prime factors of m.
547
What are the prime factors of -2*(12 + 18066)/(-3)?
2, 23, 131
Suppose -152*f + 851240 = -173392. List the prime factors of f.
3, 7, 107
Suppose 0 = -36*k + 57683 + 252025. List the prime factors of k.
7, 1229
Suppose -4*t + u + 3182 = 0, -3172 = -4*t + u - 5*u. Let z = 1389 - t. What are the prime factors of z?
2, 3, 11
Let g(m) = -m**3 - 3*m**2 + m - 9. Let v be g(-4). Suppose -4*z + 1 = -3*y - 1, -v*z + 10 = 2*y. List the prime factors of 1/z*54/3.
3
Let y be ((-2350)/(-75))/((-1)/(-6)). Let g = y - 180. What are the prime factors of g?
2
Let a(o) = 1129*o + 4. Let c be a(1). Let l = c + -681. List the prime factors of l.
2, 113
Let f(p) be the third derivative of 0 - 3/4*p**4 - 3/2*p**3 + 15*p**2 + 0*p. List the prime factors of f(-5).
3
Let t(u) = -10*u**3 - u**2 - 67*u - 359. What are the prime factors of t(-6)?
11, 197
Let n = 4 + -5. Let p(a) = -a**3 + 24*a**2 + 28*a - 78. Let m be p(25). List the prime factors of (200 - n/1) + m.
2, 3, 11
Let t(g) = -326*g**2 + 4*g + 2. Let l be t(-1). Let u = 2 - l. Suppose -6*k + 174 + u = 0. What are the prime factors of k?
2, 3, 7
Let f = -6810 - -6810. Let y(g) = -8*g + 5. Let s(a) = -23*a + 16. Let n(d) = 6*s(d) - 17*y(d). What are the prime factors of n(f)?
11
Let j = 35878 - 8409. List the prime factors of j.
13, 2113
Let z(h) = -5 - 19*h - 10 + 7. What are the prime factors of z(-5)?
3, 29
Let o = -503 + 516. What are the prime factors of ((3/(-21))/1)/(o/(-130039))?
1429
Let i(s) = -3*s**2 - 14*s + 1. Let n(a) = 7*a**2 + 27*a - 2. Let u(p) = 7*i(p) + 4*n(p). List the prime factors of u(8).
17, 31
Let h be 3/12 - (-94)/8. Let m be (-38720)/(-130) + (72/(-39) - -2). Suppose h*x = m + 98. What are the prime factors of x?
3, 11
Suppose r + 3*h = 8010, -1095*r = -1090*r - 5*h - 40030. List the prime factors of r.
3, 17, 157
Suppose -20*q = -96 - 4. Suppose 2 = m - 2*m, -t + 820 = q*m. What are the prime factors of t?
2, 5, 83
Suppose -9*t - 102*t = 240*t - 22869054. List the prime factors